*r + 10. Let q be n(7). Let t(m) = -105*m**2 - 3*m + 0*m + 100*m**2 + 2*m**q - 1. Is t(4) prime?
False
Is 77847/8 + 20/320*2 a composite number?
True
Let m = -904 - -194. Is 2/(-28)*m + 2/7 composite?
True
Suppose 2*s - p - 1588 = 0, -49 = 4*s - 3*p - 3229. Let w = s - 455. Is w a composite number?
False
Suppose 99 + 479 = 2*u. Suppose 5*q = 3*q + 5*f - 420, -f + 804 = -4*q. Let s = u + q. Is s composite?
False
Let f be 0 + -3 + 4 + 2. Suppose -i - 2*i = f*z - 33, 3*i - 17 = z. Is i prime?
True
Suppose 4*f - f - 15 = 0. Suppose 3*j = -f*j + 3944. Is j composite?
True
Let l(c) = 23*c**2 + 29*c - 213. Is l(19) a prime number?
True
Let z be 802 + -1 - (-1 + 1). Suppose 0 = 4*g + 5*w - z, 5*w - 481 = -3*g + 121. Is g composite?
False
Is 66899/2 + ((-1365)/14)/39 a composite number?
True
Suppose -b = 5*g - 5*b - 1003, 2*b = g - 197. Is g prime?
False
Let j be (-3 - -8)/(-5)*5. Is (j - -148)*(-3)/(-3) prime?
False
Suppose -3*g + z + 27 = 6, 3*g - 33 = 5*z. Let s(b) = -3*b**2 + b**3 - 5 - 6*b + 2*b**2 - 6*b**2 + 4*b**2. Is s(g) a composite number?
False
Let d(w) = -268*w**3 + 7*w**2 - 7. Is d(-4) prime?
True
Let n(v) = 4*v**3 - 38*v**2 - 12*v - 17. Is n(14) a prime number?
True
Let d = 12 + -2. Suppose -d*y + 12*y = 1628. Is 6/48 + y/16 prime?
False
Suppose -6498 = -2*q + 4*b, -11*q + 7*q = 5*b - 13009. Is q a prime number?
True
Suppose 66*s + 512 = 58*s. Let k be 1 - (2 - 2) - -152. Let c = k + s. Is c a composite number?
False
Suppose 5*j + 48 = j. Let s = 12 + j. Suppose -2*p - 10 = s, -7*y - p + 244 = -4*y. Is y prime?
True
Suppose 0 = 3*f + 2*f + v - 59, -2*v = -8. Let s be (-46)/(-11) + (-2)/f. Let w(j) = 93*j**2 - 3*j - 5. Is w(s) composite?
False
Suppose 3*n + 13017 - 71436 = 0. Is n composite?
True
Let b = -6 - -15. Suppose d + 3 - b = -5*x, 2*x - 6 = -d. Suppose d*h - 395 = h. Is h composite?
False
Suppose -2*b + 4121 = -3*i, 8*b - 3*i = 11*b - 6174. Is b prime?
False
Suppose 0 = 3*z - 2*u - 646 - 237, 871 = 3*z + 4*u. Is z composite?
False
Let j(h) = -h**3 - 9*h**2 + h + 11. Let t be j(-9). Is 794/4*3/3*t prime?
True
Let z = 3 - 17. Let m = z - -30. Suppose -m - 15 = -d. Is d prime?
True
Is -1 + (-43713)/(-21) - 81/(-189) a prime number?
True
Let z = 3777 - 1056. Is z a prime number?
False
Suppose 2*m = -2*m + 1112. Suppose -m - 5931 = -7*k. Is k prime?
True
Let t(j) = 1474*j - 73. Is t(5) composite?
False
Let q = -18 + 24. Suppose -g = 3, 15 - q = 3*s - g. Suppose -912 = -a + 5*z, -3*a - 2719 = -6*a - s*z. Is a a prime number?
True
Let z = 13 + -8. Suppose 25 = -z*r, -3*u + 1249 = -2*u + 2*r. Is u prime?
True
Let h(l) = -13 + 8*l + 4 + 12 - l**2. Let p be h(8). Is 0 - -2 - (-318 - p) a composite number?
True
Let a(x) = -x**2 + 5*x + 19. Let c be a(7). Suppose 7*i - 12 = c*i. Suppose -5*q + i*q - 303 = 0. Is q a composite number?
True
Suppose 0 = 4*f + 7*f - 55. Suppose f*o = 3*a + 823, -5*o + 2*a + 815 = -3*a. Is o composite?
False
Suppose 0*q - 24 = -3*q. Let z(n) = -n - 4. Let a be z(-9). Suppose a*w + 5*l - 215 = 0, q*w - 4*w = -l + 160. Is w a prime number?
False
Let p = 51 - 55. Is (p + 0 - -5)*443 a prime number?
True
Let q = -673 - -1863. Let n be -3 + 3/4*(-108)/(-3). Is q/6 - n/(-36) a composite number?
False
Suppose -2*k - 16*k + 23760 = 0. Let n = -941 + k. Is n a prime number?
True
Suppose 0 = -57*p + 34*p - 5497. Let a be (3/3)/(1/408). Let c = a + p. Is c a prime number?
False
Suppose 4*a + 7 = -5*q - 8, 2*a + 2*q = -6. Let v(j) = -51*j + 22*j + a + 1. Is v(-2) a prime number?
True
Suppose 0 = 5*y + 4*v - 8616, -3*y - 3432 = -5*y + 2*v. Suppose j = 2*j - 3*t - y, t - 1740 = -j. Is j prime?
False
Suppose 0 = 2*h - 3*y - 7709, 4*h + y - 15442 = -y. Is h a composite number?
True
Let c(b) = 5*b**2 - 9*b + 6. Let p be c(7). Suppose z + p = 22. Let f = 260 + z. Is f a composite number?
True
Let v(x) = 1 - 1 + 1 - 33*x + 1. Is v(-7) a composite number?
False
Let t(m) = -m**2 + 2. Let k be t(-2). Let i be 2 + k/4*694. Is (16/6 + -3)*i prime?
False
Suppose 6*m = -33 - 111. Is -2*(-997)/4 - m/48 a composite number?
False
Let o(p) = 81*p**3 + 21*p**2 + p - 10. Is o(5) a composite number?
True
Let h(q) = -8 + 6*q**2 - 8*q - 4*q**3 - 2 - 7 + 0*q**3. Is h(-5) a composite number?
False
Let f = -31 + 42. Suppose f*s = 5661 + 4118. Is s a prime number?
False
Let o be -1 - (5 + 7)*2/(-4). Suppose -4526 - 3579 = -o*d. Is d a prime number?
True
Let w(u) = -2*u**2 + u + 49. Let t(a) = 5*a**2 - a - 97. Let i(m) = 3*t(m) + 7*w(m). Is i(17) a composite number?
False
Suppose -5*m = -3*f + 33, 5*m = -5*f - 26 - 39. Let s(y) = 4*y**2 + 9*y + 16. Is s(m) a prime number?
False
Suppose 77 = 2*s + 3. Let r = 9 + -6. Suppose -r*f + 5*w + s = 0, f = 4*f - 4*w - 41. Is f a composite number?
False
Suppose -22*z + 11*z = -126995. Is z a composite number?
True
Suppose 0*k + 2*k = -4*n + 44, -k - 4*n + 32 = 0. Let z = 10 - k. Is ((-15)/2)/(1/z) a composite number?
True
Let n(u) = 74*u**2 - 6*u - 143. Is n(-15) a composite number?
True
Suppose 4*z - 112 = a + 2*a, -3*z + 84 = 3*a. Is (-22359)/(-21) + 2 - (-8)/z a composite number?
True
Let i be 242 + -12 + (-3)/1. Suppose i = 4*q - 105. Let p = 294 - q. Is p a prime number?
True
Let l = 1322 + -776. Suppose 3*n - 3*x = -2*x + 977, 5*x = -n + 315. Let o = l - n. Is o composite?
True
Let s(f) = -f - 8. Let i be s(-10). Let z be (-1 + 1)*-1 + 8. Suppose -z - 60 = -i*n. Is n a composite number?
True
Let j = -3 - -2. Let h be (-140)/(-10) + (-2 + 0)/1. Is (28/h + j)*3 composite?
True
Suppose -k - 5*v + 4 - 9 = 0, -4*k + 2*v + 24 = 0. Suppose 2*u = 3*l - 0*u - 2359, -3*u + 3938 = k*l. Is l composite?
False
Let b(z) = 1210*z**2 - 24*z - 87. Is b(-4) composite?
True
Suppose -3*n = 16*n - 15789. Is n composite?
True
Let w(o) be the second derivative of 0 + 3*o**2 + 1/4*o**4 + 1/2*o**3 - 1/20*o**5 + 3*o. Is w(-5) a composite number?
False
Suppose -3*h - 94 = 4*n - h, 0 = -5*n - 2*h - 115. Let o = n - -25. Suppose -p + 166 = 5*v, o*p = 2*v + 2*p - 64. Is v a prime number?
False
Let f = 40917 - 28958. Is f composite?
False
Suppose 4*o + 3*p - 13 = 23, 12 = 4*o - 3*p. Is (-81036)/48*(-8)/o a prime number?
True
Suppose -5*b = 2*y + 3*y - 5, 0 = -5*y + b + 23. Suppose -y*l - o + 268 + 91 = 0, -4*o + 190 = 2*l. Is l prime?
True
Let a be 2 - (6 - 4) - -2. Suppose -a*j + 3659 = 5*l, -2*j - 2*l + 5505 = j. Is j composite?
True
Suppose -1 + 5 = 2*n. Suppose -2*o + 7 = 3*u - o, -5*u - n*o = -12. Is (u/8)/((-1)/(-332)) prime?
True
Let b(j) = -29*j**3 - 8*j**2 - 10*j + 10. Is b(-3) a prime number?
True
Let z(x) be the third derivative of -x**4/24 + 349*x**3/6 + 7*x**2. Let v be z(0). Suppose 0 = -3*m - u + v, 0*m - 2*m + 3*u = -218. Is m composite?
True
Suppose -832 = -4*g + 820. Let a = g - 66. Is a a prime number?
True
Let i(h) = 3349*h + 3. Is i(4) prime?
True
Suppose 3*p - 1335 + 10040 = 5*u, u = 5*p + 1741. Is u a prime number?
True
Suppose 3*n - 164 = 364. Suppose 0 = 8*x - n - 808. Is x a composite number?
True
Let f(u) = -u**2 + 8*u - 6. Let g be f(6). Let s(h) = h**2 - 5*h - 3. Let c be s(g). Is ((-1 + c)*11)/1 prime?
False
Let f(u) = u**3 + 4*u**2 - 8*u - 12. Let y be f(-5). Suppose -614 = -z - y*b, 4*b - 2480 = -z - 3*z. Is z a composite number?
True
Suppose -4*g = 5*l - 67094, -16773 = -g - l - 0*l. Is g a composite number?
True
Suppose 1 = 2*r + 7, -5*r + 549 = 2*b. Let z = b + -91. Is z prime?
True
Let d = -3 + 5. Let c = d - 0. Suppose -5*i = -3*a + 184, a - 154 = -c*a - i. Is a composite?
False
Suppose -87 = 4*p - 335. Let g = p - -611. Is g composite?
False
Let x = 22 - 26. Let l be (28/42)/(x/(-7026)). Suppose -2*h = -111 - l. Is h composite?
False
Let q = -89 + 83. Let v(z) = -15*z**3 + 3*z**2 - 18*z - 1. Is v(q) composite?
True
Let s(b) = b**2 - 44*b + 542. Is s(48) a prime number?
False
Suppose -g = -5*k + 819, 4*k = -k - g + 811. Is k composite?
False
Let q(p) = 3*p**2 - p - 3. Let f be q(2). Suppose -f*t + 4345 = -898. Is t a composite number?
True
Let j = -7376 + 14371. Is j a prime number?
False
Suppose 7 = 2*j + 5. Suppose 5*i + 5*a - 447 = 3*i, -a = -j. Suppose -4*d + 807 + i = 0. Is d composite?
False
Let k be 2*(356 - -1) + 4. Suppose k = n + n. Is n a prime number?
True
Let v = -594 + 4301. Is v composite?
True
Suppose 0 = -3*i - 5*s + 59588, i + 3*s - 8*s = 19856. Is i a composite number?
False
Suppo